(k) - s(k). List the prime factors of m(12).
3, 23
Let t(a) = 35*a**2 - 28*a - 1202. What are the prime factors of t(-39)?
5, 17
Suppose 11*z - 8*z - 354 = -5*n, -2*z = 3*n - 212. Suppose n*s - 79*s + 8995 = 0. List the prime factors of s.
5, 257
Let g = 15384 - 5381. List the prime factors of g.
7, 1429
What are the prime factors of 67*508*171/342?
2, 67, 127
Suppose -3*r - 11 + 38 = 0. Suppose 4*p + 2495 = r*p. Let s = -319 + p. What are the prime factors of s?
2, 3, 5
Let k = -10 - -17. Suppose 23 - k = 4*u. Suppose -2*t = 10, -u*l - 2*t = -l - 143. What are the prime factors of l?
3, 17
List the prime factors of 12611 + (-3)/6*6.
2, 197
Let y = -1 - -20. Suppose -929 = -3*z + y. What are the prime factors of z?
2, 79
Let z(y) = -y**2 - 41*y - 72. Suppose -5*k + r + 4*r = 145, -4*k - 95 = 3*r. What are the prime factors of z(k)?
2, 3, 53
List the prime factors of (-6*5/(-6) - -31975) + 3 - 1.
2, 15991
Suppose -l + 74 = 4*b, 2*b + 326 = 4*l + 3*b. Let y = -8 - -16. Suppose l + 70 = y*v. What are the prime factors of v?
19
Let r(x) = x**3 + 16*x**2 - 19*x + 4. Let f be r(-12). Suppose 6*k - 1376 = f. Suppose 4*c = 17*c - k. List the prime factors of c.
2, 7
Suppose -b = 4*u - 21421, 4*b = 2*u + 7*b - 10713. List the prime factors of u.
3, 5, 7, 17
Suppose -4 = 2*w, -7*y - 6243 + 30186 = -5*w. List the prime factors of y.
13, 263
Let u(l) = 2*l + 16. Let o be u(-7). Let y be 2*(-2 - (-11)/o). Let z(x) = x**2 + 9. List the prime factors of z(y).
2, 29
Suppose -15*a + 7584 = -47946. Suppose 35*p - a = 29*p. List the prime factors of p.
617
Suppose -416850 = -619*g + 605*g. List the prime factors of g.
3, 5, 397
List the prime factors of (-29777)/(-10) + (-213)/(-710).
2, 1489
Suppose g - 2*q = 32617 + 43465, -76096 = -g - 5*q. List the prime factors of g.
2, 3, 1409
Suppose -2*k = -3*k - 5. Let d(r) = -r - 6. Let a be d(k). Let f(p) = -80*p - 1. List the prime factors of f(a).
79
Suppose 4*q = -8, t - 3*q = -q. Let y = 7 + t. Suppose -3 = -2*p + p, -y*p - 129 = -2*o. List the prime factors of o.
3, 23
Suppose -4*g + 0*g = 5*z - 75, 105 = 5*z - 2*g. Suppose 307 = z*l - 1745. List the prime factors of l.
2, 3
List the prime factors of 246/8*13728/72.
11, 13, 41
Let h(q) = 276 - 303 + q**2 - 10*q - 4*q. Let k be h(18). Suppose -7*w = -816 - k. List the prime factors of w.
3, 41
Suppose -20*a + 184352 = -278208. List the prime factors of a.
2, 7, 59
Suppose a = -5*f + 5783 + 7169, 0 = 4*a - 5*f - 51783. What are the prime factors of a?
11, 107
Let y be (8/(-20))/(-1) + 64/(-10). Let a(l) = -l**3 - 5*l**2 + 2*l - 21. Let k be a(y). Suppose 0 = 10*g - k*g - 693. List the prime factors of g.
3, 11
Let r = 294 - 275. Let d(q) = -2*q**2 + 46*q - 3. What are the prime factors of d(r)?
149
Suppose 2508*k + 864 = 2500*k. Let g be (-258)/(-8) + 1/(-4). List the prime factors of ((-24)/g)/(1/k).
3
Suppose 641 = 2*x - 137. Suppose 8*h - 1285 = -x. What are the prime factors of h?
2, 7
Let y be 148/10 + (-2)/(-10). Let j be (-34644)/y + 2/(-5). What are the prime factors of j/(-20) - (-1)/2?
2, 29
Suppose -98*j + 99*j - 354 = -4*t, -2*t = 4*j - 1360. What are the prime factors of j?
2, 13
Let a(k) = -4*k**2 - 2*k + 20. Let t(h) = -2*h + 2 + 0*h - 4*h**2 + 19 + 0*h**2. Let v(y) = -6*a(y) + 5*t(y). What are the prime factors of v(-6)?
3, 13
What are the prime factors of (-26144)/(-10) - (-4)/50*-5?
2, 1307
Suppose -4*l - 302674 = -5*u + 51418, 4*l = -2*u + 141648. What are the prime factors of u?
2, 5, 3541
Let l be ((-180)/3)/6 - -8. What are the prime factors of l/(-3) + 2/(-12)*-182?
31
Let w(t) = t**3 - 8*t**2 - 4*t + 29. Let r be w(8). What are the prime factors of 319/1 + (2 - (-4 - r))?
2, 7, 23
Let c be 10 + 3 + 3 + 0 + -5. Suppose 0 = -c*w + 7*w. Suppose -11*h + 15*h - 80 = w. What are the prime factors of h?
2, 5
Let j(w) = 4535*w - 1648. List the prime factors of j(2).
2, 3, 1237
Suppose -17 - 18 = 5*t. List the prime factors of (t - (-106)/14) + (-1882)/(-14).
3, 5
Let w(a) be the third derivative of 11/6*a**3 + 1/24*a**4 + 0 + 0*a + 19*a**2. What are the prime factors of w(15)?
2, 13
Let v = 3932 + -852. Suppose -2*s = -c + 769, 0*c + 4*s = 4*c - v. What are the prime factors of c?
3, 257
List the prime factors of (63/(-12))/(((-285)/10520)/19).
2, 7, 263
Suppose 8*c = 15976 + 50128. What are the prime factors of c?
8263
Let a(v) = -323*v**2 + 38*v - 70. Let u be a(2). Let f = u - -2460. List the prime factors of f.
2, 587
Let z be ((-66)/(-8))/(22/88). Suppose 0 = -4*n - 4, -2*n - 174 = 2*l + 216. Let f = z - l. List the prime factors of f.
227
Suppose -4*f + 27968 = 4*m - 12504, -f + 30346 = 3*m. List the prime factors of m.
2, 13, 389
Let j = 739 - 726. Suppose -j*i + 10444 = 15*i. What are the prime factors of i?
373
Let f(m) = -106*m + 149. Let u be f(3). Let t = u - -293. List the prime factors of t.
2, 31
Let c = -7122 - -12490. What are the prime factors of c?
2, 11, 61
Let f(z) = 330*z + 1426. What are the prime factors of f(20)?
2, 4013
Let o(j) = -3468*j**3 + 3*j**2 + 46*j + 97. What are the prime factors of o(-2)?
17, 23, 71
Let s be (-77630)/(-49) + 8/(-28). Suppose i + 2*i + 3*u = 4716, -s = -i - 4*u. What are the prime factors of i?
2, 7
Suppose 165240 = -60*a + 78*a. List the prime factors of a.
2, 3, 5, 17
Suppose 5*l - 493 = -4*d, -3*d + 4*l - 7*l = -372. Suppose -w - 3*w - 8 = 0. List the prime factors of w + 9 + d - (0 - 0).
2, 67
Let u be (-30)/4*18/(-45). Suppose 4*n = 5*n + 5*r - 188, 5*r + 644 = u*n. List the prime factors of n.
2, 13
Suppose 0 = 35*f + 1122 - 26742. What are the prime factors of 6142/14 - (f/84 + -9)?
439
Let k = -13 - -18. Suppose 560 = 3*j - r, k*j - 2*j - 552 = -3*r. What are the prime factors of j?
2, 3, 31
Let w(p) = -7056*p - 974. What are the prime factors of w(-1)?
2, 3041
Suppose 26*y - 37*y = 275. Let o = -12 + -44. Let r = y - o. List the prime factors of r.
31
Let k(h) = h**3 + 9*h**2 + 3*h - 21. Let q be k(-5). Suppose q*t = 63*t + 5*c + 1356, -5*c + 6720 = 5*t. What are the prime factors of t?
2, 673
Suppose 4*v - 2228 = -5*u, 0 = 3*u + u + 5*v - 1777. Let n = -385 + u. What are the prime factors of n?
3, 7
Let z(q) = q**3 + 9*q**2 - 10*q + 15. Let u be 17/1 - (1 - -3)*1. Suppose 5*o + 37 + u = 0. List the prime factors of z(o).
3, 5
Let m be 0 - (-1 + -1 + 0). Suppose 2*s + s - 465 = -5*u, m*u - 794 = -5*s. Suppose 2*c = 20 + s. List the prime factors of c.
2, 3, 5
Suppose -5*n + 78036 = 3*f, -15600 = 518*n - 519*n - 3*f. List the prime factors of n.
3, 11, 43
Suppose -3*s - 3*f = 2*f - 403, 4*s - 540 = -4*f. Suppose -547 = 5*a - g, -2*a - s = g + 87. Let j = a + 272. List the prime factors of j.
2, 3
Let b(j) = 2*j**3 + 16*j**2 - 13*j - 8. Let p be b(-9). Let r = -50 - p. What are the prime factors of 5/(4/(r + 5))?
2, 5
Let j(q) = -11*q + 1628. List the prime factors of j(-43).
11, 191
Let z(v) be the third derivative of -13*v**4/3 - 59*v**3/3 + v**2 - 9. What are the prime factors of z(-5)?
2, 3, 67
Let g = -34059 + 51346. What are the prime factors of g?
59, 293
Suppose -p - w + 18 = 16, p + 3*w = -6. Suppose q + p*l - 5*l = 1624, -4*l + 1639 = q. List the prime factors of q.
1619
Let c be ((-50)/(-15))/10*-6. List the prime factors of (-850)/c*2 + 9/3.
853
Let z = 203 - 219. Let t(n) = n**3 + 13*n**2 - 47*n + 27. What are the prime factors of t(z)?
11
Let r(p) = -24*p + 37. Let g be ((-2)/((-12)/3)*0)/(-2). What are the prime factors of r(g)?
37
Let o = -252 - -396. Let z(g) = g**3 - 13*g**2 - 19*g + 1. Let c be z(14). Let b = c + o. List the prime factors of b.
3, 5
List the prime factors of (5653933/(-1110) - 4/(-30))/((-1)/2).
61, 167
Let d be -7 + 62 - (-2 - 3). Suppose 4*g = -0*g + d. Suppose 0 = 16*z - g*z - 4. List the prime factors of z.
2
Let m be (-2)/(-4)*-21 + 4/8. What are the prime factors of (44/m)/((-9568)/3185 - -3)?
2, 7, 11
Suppose 0 = -5*o - 5*r + 22 - 2, 5*o + r = 36. Suppose o*q + 3264 = 11*q. What are the prime factors of q?
2, 17
Suppose 0 = 5*j - 204 - 341. Let r = -241 + j. List the prime factors of (-42)/4*r/77.
2, 3
Suppose -8328*v + 8414*v = 3571494. List the prime factors of v.
3, 109, 127
Let c = -646 - -365. Let z = -125 - c. Suppose 2*b - n - 261 - 50 = 0, -b + n + z = 0. List the prime factors of b.
5, 31
Suppose -4*f + t = -16105, 125*t - 4027 = -f +